51250 (base 6) to base 13.
-1519860
What is -330293 (base 10) in base 6?
-11025045
What is 3db22 (base 16) in base 5?
31041311
625016 (base 7) to base 11
73741
1120220200102 (base 3) to base 11
527690
-35530 (base 13) to base 11
-67324
What is 298599 (base 11) in base 15?
92ca7
-5902db (base 14) to base 15
-3ee5d4
Convert -74506 (base 8) to base 7.
-156341
Convert -350d8f (base 16) to base 9.
-6478338
-1514887 (base 10) to base 8
-5616607
What is -3111003 (base 5) in base 2?
-1100011001000001
What is 43444030 (base 5) in base 10?
374890
Convert -1204237 (base 10) to base 2.
-100100110000000001101
What is 2ca2 (base 15) in base 5?
301402
101000010100111 (base 2) to base 7
114124
10585160 (base 9) to base 15
6b64dc
What is -296158 (base 11) in base 2?
-1110000110011011001
-2304506 (base 8) to base 14
-123a86
Convert -1137371 (base 8) to base 7.
-2433542
Convert 3ad9a8 (base 16) to base 11.
21a474a
Convert -5513144 (base 7) to base 10.
-675791
6344534 (base 7) to base 6
24241305
2e3082 (base 16) to base 15
3ebd9e
3313120320 (base 4) to base 10
1013304
What is 3276254 (base 12) in base 16?
92a8e0
What is 22002233203 (base 4) in base 11?
1538a71
What is -2205122 (base 6) in base 2?
-11010110110101010
What is 880335 (base 9) in base 6?
15131135
-130230120 (base 4) to base 10
-117528
What is -333141 (base 7) in base 15?
-12606
Convert 3740311 (base 8) to base 2.
11111100000011001001
-14205017 (base 9) to base 14
-d101c0
Convert -10410004 (base 5) to base 3.
-11122011210
-7635343 (base 8) to base 6
-111511231
221302310 (base 4) to base 11
107686
87873 (base 11) to base 13
46052
What is -12001010011201 (base 3) in base 4?
-22032012202
Convert -10001003131 (base 4) to base 3.
-1222111022001
What is -15433044 (base 6) in base 4?
-2012000110
52565 (base 15) to base 9
437135
Convert 1412311343 (base 5) to base 15.
4bc183
Convert -4353 (base 12) to base 10.
-7407
Convert 108227 (base 9) to base 10.
65068
What is 165a41 (base 12) in base 2?
1011101100110010001
What is -7ed34 (base 16) in base 7?
-4262336
1d632 (base 16) to base 12
597aa
-4255342 (base 10) to base 7
-51112150
-37438 (base 11) to base 8
-151005
What is -111000111100001000 (base 2) in base 9?
-384827
Convert 114424421 (base 5) to base 9.
1021384
Convert -421728 (base 13) to base 6.
-53044020
What is -10031015 (base 8) in base 9?
-3865285
What is 12332111211 (base 4) in base 6?
103103513
Convert -205c28 (base 16) to base 10.
-2120744
What is -9016451 (base 10) in base 5?
-4302011301
What is 6053540 (base 11) in base 7?
160003236
What is -503034535 (base 6) in base 14?
-11c54a7
61101 (base 9) to base 4
21303301
What is -10001102202 (base 3) in base 7?
-340130
Convert 6384453 (base 11) to base 16.
ab70b9
Convert 1024000 (base 5) to base 13.
7ba7
What is -50b810 (base 14) in base 13?
-7435bc
Convert 111011110111100011 (base 2) to base 16.
3bde3
9ad0a5 (base 15) to base 14
da32b5
Convert 8c8314 (base 14) to base 11.
2779999
What is -20b8cb (base 14) in base 9?
-2067273
What is -d3db6 (base 14) in base 4?
-1330212030
What is 110201333 (base 5) in base 13?
1383c3
Convert c3ca4a (base 13) to base 10.
4569315
-139815 (base 16) to base 15
-1a572c
2140422 (base 5) to base 10
36987
What is 134513413 (base 6) in base 4?
22132222101
What is -30280822 (base 9) in base 14?
-1cdd865
What is -1101110110000000 (base 2) in base 9?
-85704
Convert 104525 (base 6) to base 3.
110010022
What is -20403131 (base 5) in base 13?
-5bcca
What is 3b20ab (base 14) in base 15?
2a4e27
Convert 2a6571 (base 11) to base 2.
1110100011111111101
What is -e796f (base 16) in base 12?
-398b53
-10233331231 (base 4) to base 5
-304320122
What is 120014 (base 12) in base 15?
5b04a
-300bb (base 12) to base 8
-171617
-11100011000 (base 2) to base 11
-1401
-18aec7 (base 16) to base 3
-10001011221101
What is 2312101222 (base 4) in base 11?
46aa2a
What is 20561330 (base 7) in base 11?
a92908
Convert 2a2a3 (base 15) to base 9.
226010
Convert -11011011010111 (base 2) to base 3.
-201020222
Convert -25406b9 (base 13) to base 3.
-210212122011211
-21300332033 (base 4) to base 8
-11607617
What is -201113121 (base 6) in base 10?
-3415657
Convert -1454466 (base 10) to base 9.
-2656133
1300044 (base 11) to base 13
60c3a3
What is 143411 (base 7) in base 5?
1341034
Convert 137106 (base 9) to base 15.
19cec
500470 (base 8) to base 10
164152
Convert 1112030301 (base 4) to base 7.
3000240
Convert 197297 (base 14) to base 8.
3344205
Convert 727720 (base 8) to base 16.
3afd0
Convert -215351 (base 16) to base 6.
-114451105
183c53 (base 14) to base 10
855809
Convert -51523354 (base 6) to base 11.
-927451
20020122211200 (base 3) to base 2
1100101010011111000101
-13636025 (base 7) to base 4
-10322013110
133644 (base 12) to base 14
8380c
-d47dc (base 15) to base 4
-2210121333
What is -367a0e (base 15) in base 7?
-31110545
10311222 (base 6) to base 4
1022123132
Convert 502682a (base 11) to base 13.
1ac6264
What is 1033014403 (base 5) in base 15?
2e2603
Convert -311224 (base 9) to base 13.
-66058
Convert -10010011011100100 (base 2) to base 3.
-10211120000
11578 (base 14) to base 3
2010221200
Convert -2322682 (base 11) to base 8.
-17367633
Convert -11650221 (base 7) to base 16.
-1015c8
-582212 (base 14) to base 11
-1770784
Convert 297bca (base 13) to base 4.
3320103033
Convert 485866 (base 9) to base 4.
1013202231
Convert -46a4a8 (base 15) to base 7.
-40460510
What is 1da99 (base 15) in base 10?
96894
What is -3238 (base 12) in base 16?
-158c
-23203231031 (base 4) to base 7
-34516226
Convert -1000111101001000001110 (base 2) to base 9.
-4367181
Convert 36180 (base 15) to base 16.
2a1b6
Convert -975218 (base 15) to base 16.
-6df4d2
What is -754311 (base 8) in base 4?
-331203021
2442142 (base 5) to base 4
23113103
What is -56611536 (base 7) in base 10?
-4927467
What is -424023 (base 9) in base 7?
-2100303
Convert -7d101a (base 16) to base 14.
-1134cd4
-1801905 (base 14) to base 6
-1101411133
What is -2011211121202 (base 3) in base 11?
-721112
Convert 478bc (base 15) to base 7.
1640010
128a721 (base 12) to base 16
37f789
What is -141959 (base 10) in base 14?
-39a3d
-96619 (base 10) to base 6
-2023151
What is 975489 (base 12) in base 3?
11111121220020
-2203252 (base 6) to base 9
-176325
What is 13ed28 (base 16) in base 8?
4766450
Convert 121100213 (base 4) to base 10.
103463
Convert -22000120222 (base 4) to base 3.
-11221021002211
Convert -10002211121221 (base 3) to base 14.
-30d544
What is 641108 (base 9) in base 2?
1011101000110101100
What is 210051 (base 8) in base 4?
101000221
210420 (base 9) to base 8
364111
What is -282933 (base 11) in base 9?
-744631
244401001 (base 5) to base 12
484524
What is -32024 (base 15) in base 9?
-261567
What is -68736 (base 12) in base 14?
-38a94
2024013140 (base 5) to base 11
2368a60
What is 78914 (base 12) in base 16?
27220
Convert c0cc19 (base 13) to base 11.
2592930
34611254 (base 8) to base 5
3412311140
Convert 33724 (base 13) to base 8.
266457
Convert 78540 (base 12) to base 7.
1233504
What is 3224666 (base 7) in base 2?
1011111111101110101
Convert -3961467 (base 11) to base 10.
-6853876
Convert -210222121222211 (base 3) to base 13.
-2561467
What is 5064713 (base 8) in base 13?
37abcc
574073 (base 10) to base 3
1002011110222
-1001011011011101 (base 2) to base 5
-2213441
What is -94c58f (base 16) in base 12?
-332237b
What is -233001011 (base 4) in base 16?
-2f045
354737 (base 8) to base 9
204360
77784 (base 13) to base 5
23412342
Convert -33a23 (base 15) to base 4.
-220012323
Convert -4024204 (base 5) to base 11.
-44349
Convert 394090 (base 11) to base 5.
124322340
Convert -119550 (base 10) to base 7.
-1005354
Convert a936b (base 12) to base 11.
142956
What is -30101304 (base 6) in base 5?
-204113122
-37485 (base 13) to base 10
-101847
1110011111021 (base 3) to base 2
10111100001101011111
What is -a6027 (base 12) in base 15?
-447c4
What is -265844 (base 9) in base 5?
-20134142
What is -1423512 (base 7) in base 8?
-564762
Convert -1465257 (base 8) to base 10.
-420527
-148302 (base 9) to base 6
-1543002
Convert 2503561 (base 8) to base 15.
d96c3
10001010100111101001 (base 2) to base 10
567785
221021001 (base 4) to base 6
3340053
Convert -7635 (base 11) to base 9.
-14741
-2003422004 (base 5) to base 8
-17104231
What is 56205243 (base 7